{"id":45,"date":"2017-07-21T20:16:22","date_gmt":"2017-07-21T20:16:22","guid":{"rendered":"http:\/\/sercom.co\/?page_id=45"},"modified":"2022-03-02T02:52:19","modified_gmt":"2022-03-02T02:52:19","slug":"nosotros","status":"publish","type":"page","link":"https:\/\/sercom.co\/index.php\/nosotros\/","title":{"rendered":"NOSOTROS"},"content":{"rendered":"\n<figure class=\"wp-block-image alignwide size-full\"><img loading=\"lazy\" width=\"2065\" height=\"900\" src=\"http:\/\/sercom.co\/wp-content\/uploads\/2022\/02\/nosotros-23-1.jpg\" alt=\"\" class=\"wp-image-444\" srcset=\"https:\/\/sercom.co\/wp-content\/uploads\/2022\/02\/nosotros-23-1.jpg 2065w, https:\/\/sercom.co\/wp-content\/uploads\/2022\/02\/nosotros-23-1-300x131.jpg 300w, https:\/\/sercom.co\/wp-content\/uploads\/2022\/02\/nosotros-23-1-1024x446.jpg 1024w, https:\/\/sercom.co\/wp-content\/uploads\/2022\/02\/nosotros-23-1-768x335.jpg 768w, https:\/\/sercom.co\/wp-content\/uploads\/2022\/02\/nosotros-23-1-1536x669.jpg 1536w, https:\/\/sercom.co\/wp-content\/uploads\/2022\/02\/nosotros-23-1-2048x893.jpg 2048w\" sizes=\"(max-width: 2065px) 100vw, 2065px\" \/><\/figure>\n\n\n\n<p><\/p>\n\n\n\n<p><\/p>\n\n\n\n<p><\/p>\n\n\n\n<p>Somos un equipo de profesionales con trayectoria y acreditaci\u00f3n en el \u00e1rea de <strong>Seguridad y Salud en el Trabajo y Gesti\u00f3n Humana<\/strong> interesados en apoyar a las empresas en su trabajo para ser compa\u00f1\u00edas de clase mundial; a trav\u00e9s de programas que sean asimilados totalmente por los trabajadores creando un cultura de calidad y auto cuidado.<\/p>\n\n\n\n<p><strong>SERCOM Seres Competentes S.A.S<\/strong> es una empresa creada hace 10 a\u00f1os, conformada por profesionales con m\u00e1s de 17 a\u00f1os de experiencia en \u00e1reas de Seguridad y Salud en el Trabajo y Talento Humano, destac\u00e1ndonos en el manejo de programas dirigidos al control del riesgo psicosocial y de accidentalidad a trav\u00e9s de la metodolog\u00eda de seguridad basada en el comportamiento, cuyo objetivo es contribuir en mantener la seguridad y la salud de los trabajadores.<\/p>\n\n\n\n<div class=\"wp-block-columns alignwide\">\n<div class=\"wp-block-column is-vertically-aligned-center\" style=\"flex-basis:66.66%\">\n<p><\/p>\n<\/div>\n<\/div>\n\n\n\n<p><\/p>\n\n\n\n<div class=\"wp-block-columns alignwide\">\n<div class=\"wp-block-column\">\n<div class=\"wp-block-image\"><figure class=\"aligncenter size-full is-resized\"><img loading=\"lazy\" src=\"http:\/\/sercom.co\/wp-content\/uploads\/2022\/02\/nuestro-trabajo-13.jpg\" alt=\"\" class=\"wp-image-391\" width=\"200\" height=\"200\" srcset=\"https:\/\/sercom.co\/wp-content\/uploads\/2022\/02\/nuestro-trabajo-13.jpg 801w, https:\/\/sercom.co\/wp-content\/uploads\/2022\/02\/nuestro-trabajo-13-300x300.jpg 300w, https:\/\/sercom.co\/wp-content\/uploads\/2022\/02\/nuestro-trabajo-13-150x150.jpg 150w, https:\/\/sercom.co\/wp-content\/uploads\/2022\/02\/nuestro-trabajo-13-768x768.jpg 768w\" sizes=\"(max-width: 200px) 100vw, 200px\" \/><\/figure><\/div>\n<\/div>\n\n\n\n<div class=\"wp-block-column\">\n<div class=\"wp-block-image\"><figure class=\"aligncenter size-full is-resized\"><img loading=\"lazy\" src=\"http:\/\/sercom.co\/wp-content\/uploads\/2022\/02\/nuestro-trabajo-14.jpg\" alt=\"\" class=\"wp-image-392\" width=\"200\" height=\"200\" srcset=\"https:\/\/sercom.co\/wp-content\/uploads\/2022\/02\/nuestro-trabajo-14.jpg 801w, https:\/\/sercom.co\/wp-content\/uploads\/2022\/02\/nuestro-trabajo-14-300x300.jpg 300w, https:\/\/sercom.co\/wp-content\/uploads\/2022\/02\/nuestro-trabajo-14-150x150.jpg 150w, https:\/\/sercom.co\/wp-content\/uploads\/2022\/02\/nuestro-trabajo-14-768x768.jpg 768w\" sizes=\"(max-width: 200px) 100vw, 200px\" \/><\/figure><\/div>\n<\/div>\n\n\n\n<div class=\"wp-block-column\">\n<div class=\"wp-block-image\"><figure class=\"aligncenter size-full is-resized\"><img loading=\"lazy\" src=\"http:\/\/sercom.co\/wp-content\/uploads\/2022\/02\/nuestro-trabajo-15.jpg\" alt=\"\" class=\"wp-image-393\" width=\"200\" height=\"200\" srcset=\"https:\/\/sercom.co\/wp-content\/uploads\/2022\/02\/nuestro-trabajo-15.jpg 801w, https:\/\/sercom.co\/wp-content\/uploads\/2022\/02\/nuestro-trabajo-15-300x300.jpg 300w, https:\/\/sercom.co\/wp-content\/uploads\/2022\/02\/nuestro-trabajo-15-150x150.jpg 150w, https:\/\/sercom.co\/wp-content\/uploads\/2022\/02\/nuestro-trabajo-15-768x768.jpg 768w\" sizes=\"(max-width: 200px) 100vw, 200px\" \/><\/figure><\/div>\n<\/div>\n\n\n\n<div class=\"wp-block-column\">\n<div class=\"wp-block-image\"><figure class=\"aligncenter size-full is-resized\"><img loading=\"lazy\" src=\"http:\/\/sercom.co\/wp-content\/uploads\/2022\/02\/nuestro-trabajo-16.jpg\" alt=\"\" class=\"wp-image-394\" width=\"200\" height=\"200\" srcset=\"https:\/\/sercom.co\/wp-content\/uploads\/2022\/02\/nuestro-trabajo-16.jpg 801w, https:\/\/sercom.co\/wp-content\/uploads\/2022\/02\/nuestro-trabajo-16-300x300.jpg 300w, https:\/\/sercom.co\/wp-content\/uploads\/2022\/02\/nuestro-trabajo-16-150x150.jpg 150w, https:\/\/sercom.co\/wp-content\/uploads\/2022\/02\/nuestro-trabajo-16-768x768.jpg 768w\" sizes=\"(max-width: 200px) 100vw, 200px\" \/><\/figure><\/div>\n<\/div>\n\n\n\n<div class=\"wp-block-column\">\n<div class=\"wp-block-image\"><figure class=\"aligncenter size-full is-resized\"><img loading=\"lazy\" src=\"http:\/\/sercom.co\/wp-content\/uploads\/2022\/02\/nuestro-trabajo-17.jpg\" alt=\"\" class=\"wp-image-395\" width=\"200\" height=\"200\" srcset=\"https:\/\/sercom.co\/wp-content\/uploads\/2022\/02\/nuestro-trabajo-17.jpg 801w, https:\/\/sercom.co\/wp-content\/uploads\/2022\/02\/nuestro-trabajo-17-300x300.jpg 300w, https:\/\/sercom.co\/wp-content\/uploads\/2022\/02\/nuestro-trabajo-17-150x150.jpg 150w, https:\/\/sercom.co\/wp-content\/uploads\/2022\/02\/nuestro-trabajo-17-768x768.jpg 768w\" sizes=\"(max-width: 200px) 100vw, 200px\" \/><\/figure><\/div>\n<\/div>\n<\/div>\n\n\n\n<figure class=\"wp-block-image alignwide size-full\"><img loading=\"lazy\" width=\"2560\" height=\"1350\" src=\"http:\/\/sercom.co\/wp-content\/uploads\/2022\/03\/cubrimiento-25-scaled.jpg\" alt=\"\" class=\"wp-image-499\" srcset=\"https:\/\/sercom.co\/wp-content\/uploads\/2022\/03\/cubrimiento-25-scaled.jpg 2560w, https:\/\/sercom.co\/wp-content\/uploads\/2022\/03\/cubrimiento-25-300x158.jpg 300w, https:\/\/sercom.co\/wp-content\/uploads\/2022\/03\/cubrimiento-25-1024x540.jpg 1024w, https:\/\/sercom.co\/wp-content\/uploads\/2022\/03\/cubrimiento-25-768x405.jpg 768w, https:\/\/sercom.co\/wp-content\/uploads\/2022\/03\/cubrimiento-25-1536x810.jpg 1536w, https:\/\/sercom.co\/wp-content\/uploads\/2022\/03\/cubrimiento-25-2048x1080.jpg 2048w\" sizes=\"(max-width: 2560px) 100vw, 2560px\" \/><\/figure>\n\n\n\n<figure class=\"wp-block-image size-full\"><img loading=\"lazy\" width=\"2056\" height=\"95\" src=\"http:\/\/sercom.co\/wp-content\/uploads\/2022\/02\/licencia-32.jpg\" alt=\"\" class=\"wp-image-476\" srcset=\"https:\/\/sercom.co\/wp-content\/uploads\/2022\/02\/licencia-32.jpg 2056w, https:\/\/sercom.co\/wp-content\/uploads\/2022\/02\/licencia-32-300x14.jpg 300w, https:\/\/sercom.co\/wp-content\/uploads\/2022\/02\/licencia-32-1024x47.jpg 1024w, https:\/\/sercom.co\/wp-content\/uploads\/2022\/02\/licencia-32-768x35.jpg 768w, https:\/\/sercom.co\/wp-content\/uploads\/2022\/02\/licencia-32-1536x71.jpg 1536w, https:\/\/sercom.co\/wp-content\/uploads\/2022\/02\/licencia-32-2048x95.jpg 2048w\" sizes=\"(max-width: 2056px) 100vw, 2056px\" \/><\/figure>\n","protected":false},"excerpt":{"rendered":"<p>Somos un equipo de profesionales con trayectoria y acreditaci\u00f3n en el \u00e1rea de Seguridad y Salud en el Trabajo y Gesti\u00f3n Humana interesados en apoyar a las empresas en su &#8230;<\/p>\n","protected":false},"author":1,"featured_media":0,"parent":0,"menu_order":0,"comment_status":"closed","ping_status":"closed","template":"","meta":[],"_links":{"self":[{"href":"https:\/\/sercom.co\/index.php\/wp-json\/wp\/v2\/pages\/45"}],"collection":[{"href":"https:\/\/sercom.co\/index.php\/wp-json\/wp\/v2\/pages"}],"about":[{"href":"https:\/\/sercom.co\/index.php\/wp-json\/wp\/v2\/types\/page"}],"author":[{"embeddable":true,"href":"https:\/\/sercom.co\/index.php\/wp-json\/wp\/v2\/users\/1"}],"replies":[{"embeddable":true,"href":"https:\/\/sercom.co\/index.php\/wp-json\/wp\/v2\/comments?post=45"}],"version-history":[{"count":20,"href":"https:\/\/sercom.co\/index.php\/wp-json\/wp\/v2\/pages\/45\/revisions"}],"predecessor-version":[{"id":518,"href":"https:\/\/sercom.co\/index.php\/wp-json\/wp\/v2\/pages\/45\/revisions\/518"}],"wp:attachment":[{"href":"https:\/\/sercom.co\/index.php\/wp-json\/wp\/v2\/media?parent=45"}],"curies":[{"name":"wp","href":"https:\/\/api.w.org\/{rel}","templated":true}]}}